{"id":2921,"date":"2023-12-12T09:43:23","date_gmt":"2023-12-12T12:43:23","guid":{"rendered":"https:\/\/pulzohost.com.br\/worldtravel\/?page_id=2921"},"modified":"2023-12-12T09:43:51","modified_gmt":"2023-12-12T12:43:51","slug":"politica-de-privacidade","status":"publish","type":"page","link":"https:\/\/pulzohost.com.br\/worldtravel\/politica-de-privacidade\/","title":{"rendered":"Pol\u00edtica de Privacidade"},"content":{"rendered":"\t\t<div data-elementor-type=\"wp-page\" data-elementor-id=\"2921\" class=\"elementor elementor-2921\" data-elementor-post-type=\"page\">\n\t\t\t\t\t\t\t\t\t<section class=\"elementor-section elementor-top-section elementor-element elementor-element-b319a35 elementor-section-boxed elementor-section-height-default elementor-section-height-default\" data-id=\"b319a35\" data-element_type=\"section\" data-settings=\"{&quot;background_background&quot;:&quot;classic&quot;}\">\n\t\t\t\t\t\t<div class=\"elementor-container elementor-column-gap-default\">\n\t\t\t\t\t<div class=\"elementor-column elementor-col-50 elementor-top-column elementor-element elementor-element-93b2f9b\" data-id=\"93b2f9b\" data-element_type=\"column\">\n\t\t\t<div class=\"elementor-widget-wrap elementor-element-populated\">\n\t\t\t\t\t\t\t\t\t<\/div>\n\t\t<\/div>\n\t\t\t\t<div class=\"elementor-column elementor-col-50 elementor-top-column elementor-element elementor-element-80d16c7\" data-id=\"80d16c7\" data-element_type=\"column\">\n\t\t\t<div class=\"elementor-widget-wrap\">\n\t\t\t\t\t\t\t\t\t<\/div>\n\t\t<\/div>\n\t\t\t\t\t\t\t<\/div>\n\t\t<\/section>\n\t\t\t\t<section class=\"elementor-section elementor-top-section elementor-element elementor-element-ae85f1a elementor-section-boxed elementor-section-height-default elementor-section-height-default\" data-id=\"ae85f1a\" data-element_type=\"section\">\n\t\t\t\t\t\t<div class=\"elementor-container elementor-column-gap-default\">\n\t\t\t\t\t<div class=\"elementor-column elementor-col-100 elementor-top-column elementor-element elementor-element-a7d534f\" data-id=\"a7d534f\" data-element_type=\"column\">\n\t\t\t<div class=\"elementor-widget-wrap elementor-element-populated\">\n\t\t\t\t\t\t\t\t<div class=\"elementor-element elementor-element-8b624eb elementor-widget elementor-widget-text-editor\" data-id=\"8b624eb\" data-element_type=\"widget\" data-widget_type=\"text-editor.default\">\n\t\t\t\t<div class=\"elementor-widget-container\">\n\t\t\t<style>\/*! elementor - v3.18.0 - 08-12-2023 *\/\n.elementor-widget-text-editor.elementor-drop-cap-view-stacked .elementor-drop-cap{background-color:#69727d;color:#fff}.elementor-widget-text-editor.elementor-drop-cap-view-framed .elementor-drop-cap{color:#69727d;border:3px solid;background-color:transparent}.elementor-widget-text-editor:not(.elementor-drop-cap-view-default) .elementor-drop-cap{margin-top:8px}.elementor-widget-text-editor:not(.elementor-drop-cap-view-default) .elementor-drop-cap-letter{width:1em;height:1em}.elementor-widget-text-editor .elementor-drop-cap{float:left;text-align:center;line-height:1;font-size:50px}.elementor-widget-text-editor .elementor-drop-cap-letter{display:inline-block}<\/style>\t\t\t\t<p>Nos d\u00e1 Vase &amp; Co temos como compromisso a prote\u00e7\u00e3o e seguran\u00e7a dos seus dados, as informa\u00e7\u00f5es somente s\u00e3o utilizadas para transporte e comodidades de nossos servi\u00e7os.<br><br>Utilizamos cookies para melhorar a experi\u00eancia em nosso site, aperfei\u00e7oando servi\u00e7os e conte\u00fado.<br><br>Nenhuma informa\u00e7\u00e3o coletada pela Vase &amp; Co ser\u00e1 compartilhada com terceiros, n\u00e3o utilizaremos os dados para enviar informativos ou promo\u00e7\u00f5es.<\/p>\n<p>Equipe Vase &amp; Co.<\/p>\t\t\t\t\t\t<\/div>\n\t\t\t\t<\/div>\n\t\t\t\t\t<\/div>\n\t\t<\/div>\n\t\t\t\t\t\t\t<\/div>\n\t\t<\/section>\n\t\t\t\t\t\t\t<\/div>\n\t\t","protected":false},"excerpt":{"rendered":"<p>Nos d\u00e1 Vase &amp; Co temos como compromisso a prote\u00e7\u00e3o e seguran\u00e7a dos seus dados, as informa\u00e7\u00f5es somente s\u00e3o utilizadas para transporte e comodidades de nossos servi\u00e7os. Utilizamos cookies para melhorar a experi\u00eancia em nosso site, aperfei\u00e7oando servi\u00e7os e conte\u00fado. Nenhuma informa\u00e7\u00e3o coletada pela Vase &amp; Co ser\u00e1 compartilhada com terceiros, n\u00e3o utilizaremos os dados [&hellip;]<\/p>\n","protected":false},"author":1,"featured_media":0,"parent":0,"menu_order":0,"comment_status":"closed","ping_status":"closed","template":"","meta":{"footnotes":""},"class_list":["post-2921","page","type-page","status-publish","hentry"],"_links":{"self":[{"href":"https:\/\/pulzohost.com.br\/worldtravel\/wp-json\/wp\/v2\/pages\/2921","targetHints":{"allow":["GET"]}}],"collection":[{"href":"https:\/\/pulzohost.com.br\/worldtravel\/wp-json\/wp\/v2\/pages"}],"about":[{"href":"https:\/\/pulzohost.com.br\/worldtravel\/wp-json\/wp\/v2\/types\/page"}],"author":[{"embeddable":true,"href":"https:\/\/pulzohost.com.br\/worldtravel\/wp-json\/wp\/v2\/users\/1"}],"replies":[{"embeddable":true,"href":"https:\/\/pulzohost.com.br\/worldtravel\/wp-json\/wp\/v2\/comments?post=2921"}],"version-history":[{"count":4,"href":"https:\/\/pulzohost.com.br\/worldtravel\/wp-json\/wp\/v2\/pages\/2921\/revisions"}],"predecessor-version":[{"id":2925,"href":"https:\/\/pulzohost.com.br\/worldtravel\/wp-json\/wp\/v2\/pages\/2921\/revisions\/2925"}],"wp:attachment":[{"href":"https:\/\/pulzohost.com.br\/worldtravel\/wp-json\/wp\/v2\/media?parent=2921"}],"curies":[{"name":"wp","href":"https:\/\/api.w.org\/{rel}","templated":true}]}}