{"id":3652,"date":"2024-04-17T23:01:20","date_gmt":"2024-04-18T02:01:20","guid":{"rendered":"https:\/\/pulzohost.com.br\/clientes\/worldtravel-atual\/?post_type=product&#038;p=3652"},"modified":"2024-04-27T17:07:28","modified_gmt":"2024-04-27T20:07:28","slug":"lagoinha-global-conference-2","status":"publish","type":"product","link":"https:\/\/pulzohost.com.br\/clientes\/worldtravel-atual\/produto\/lagoinha-global-conference-2\/","title":{"rendered":"Lagoinha Global &#8211; Conference"},"content":{"rendered":"<p><strong><span class=\"OYPEnA text-decoration-none text-strikethrough-none\" style=\"font-family: -apple-system, BlinkMacSystemFont, 'Segoe UI', Roboto, 'Helvetica Neue', Arial, 'Noto Sans', sans-serif, 'Apple Color Emoji', 'Segoe UI Emoji', 'Segoe UI Symbol', 'Noto Color Emoji'; font-size: 1rem;\"> INCLUSO:<\/span><\/strong><\/p>\n<ul>\n<li><span class=\"OYPEnA text-decoration-none text-strikethrough-none\">3 Noites de hotel <\/span><span class=\"OYPEnA text-decoration-none text-strikethrough-none\">(15, 16 e 17\/08\/2024)<\/span><\/li>\n<li><span class=\"OYPEnA text-decoration-none text-strikethrough-none\">Assist\u00eancia nos hot\u00e9is para check-in <\/span><span class=\"OYPEnA text-decoration-none text-strikethrough-none\">dia 15\/08\/2024<\/span><\/li>\n<li><span class=\"OYPEnA text-decoration-none text-strikethrough-none\">Assist\u00eancia nos hot\u00e9is e evento para translado | Hotel -&gt; Evento -&gt; Hotel<\/span><\/li>\n<li><span class=\"OYPEnA text-decoration-none text-strikethrough-none\">Translado (regular)<\/span> <span class=\"OYPEnA text-decoration-none text-strikethrough-none\">Hotel -&gt; Evento -&gt; Hotel <\/span><span class=\"OYPEnA text-decoration-none text-strikethrough-none\">(15, 16 e 17\/08\/2024)<\/span><\/li>\n<\/ul>\n<p>&nbsp;<\/p>\n<p><strong style=\"font-size: 1rem;\">CONDI\u00c7\u00d5ES DE PAGAMENTO:<\/strong><\/p>\n<ul>\n<li><span style=\"font-family: -apple-system, BlinkMacSystemFont, 'Segoe UI', Roboto, 'Helvetica Neue', Arial, 'Noto Sans', sans-serif, 'Apple Color Emoji', 'Segoe UI Emoji', 'Segoe UI Symbol', 'Noto Color Emoji'; font-size: 1rem;\">\u00c1 vista ate o dia 10\/05\/2024 com 10% de desconto (pix\/cart\u00e3o de d\u00e9bito\/boleto banc\u00e1rio)<\/span><\/li>\n<li><span style=\"font-family: -apple-system, BlinkMacSystemFont, 'Segoe UI', Roboto, 'Helvetica Neue', Arial, 'Noto Sans', sans-serif, 'Apple Color Emoji', 'Segoe UI Emoji', 'Segoe UI Symbol', 'Noto Color Emoji'; font-size: 1rem;\">Em at\u00e9 4x no boleto (sem juros) &#8211; primeira parcela at\u00e9 10\/05\/2024<\/span><\/li>\n<li><span style=\"font-family: -apple-system, BlinkMacSystemFont, 'Segoe UI', Roboto, 'Helvetica Neue', Arial, 'Noto Sans', sans-serif, 'Apple Color Emoji', 'Segoe UI Emoji', 'Segoe UI Symbol', 'Noto Color Emoji'; font-size: 1rem;\">Em at\u00e9 10x no cart\u00e3o de cr\u00e9dito<\/span><\/li>\n<\/ul>\n","protected":false},"excerpt":{"rendered":"<p>INCLUSO: 3 Noites de hotel (15, 16 e 17\/08\/2024) Assist\u00eancia nos hot\u00e9is para check-in dia 15\/08\/2024 Assist\u00eancia nos hot\u00e9is e evento para translado | Hotel -&gt; Evento -&gt; Hotel Translado (regular) Hotel -&gt; Evento -&gt; Hotel (15, 16 e 17\/08\/2024) &nbsp; CONDI\u00c7\u00d5ES DE PAGAMENTO: \u00c1 vista ate o dia 10\/05\/2024 com 10% de desconto (pix\/cart\u00e3o [&hellip;]<\/p>\n","protected":false},"featured_media":3374,"comment_status":"open","ping_status":"closed","template":"","meta":[],"product_cat":[15,55],"product_tag":[],"class_list":{"0":"post-3652","1":"product","2":"type-product","3":"status-publish","4":"has-post-thumbnail","6":"product_cat-pacote","7":"product_cat-conference","9":"first","10":"instock","11":"taxable","12":"shipping-taxable","13":"purchasable","14":"product-type-variable"},"_links":{"self":[{"href":"https:\/\/pulzohost.com.br\/clientes\/worldtravel-atual\/wp-json\/wp\/v2\/product\/3652","targetHints":{"allow":["GET"]}}],"collection":[{"href":"https:\/\/pulzohost.com.br\/clientes\/worldtravel-atual\/wp-json\/wp\/v2\/product"}],"about":[{"href":"https:\/\/pulzohost.com.br\/clientes\/worldtravel-atual\/wp-json\/wp\/v2\/types\/product"}],"replies":[{"embeddable":true,"href":"https:\/\/pulzohost.com.br\/clientes\/worldtravel-atual\/wp-json\/wp\/v2\/comments?post=3652"}],"wp:featuredmedia":[{"embeddable":true,"href":"https:\/\/pulzohost.com.br\/clientes\/worldtravel-atual\/wp-json\/wp\/v2\/media\/3374"}],"wp:attachment":[{"href":"https:\/\/pulzohost.com.br\/clientes\/worldtravel-atual\/wp-json\/wp\/v2\/media?parent=3652"}],"wp:term":[{"taxonomy":"product_cat","embeddable":true,"href":"https:\/\/pulzohost.com.br\/clientes\/worldtravel-atual\/wp-json\/wp\/v2\/product_cat?post=3652"},{"taxonomy":"product_tag","embeddable":true,"href":"https:\/\/pulzohost.com.br\/clientes\/worldtravel-atual\/wp-json\/wp\/v2\/product_tag?post=3652"}],"curies":[{"name":"wp","href":"https:\/\/api.w.org\/{rel}","templated":true}]}}