{"id":2392,"date":"2023-10-16T16:25:46","date_gmt":"2023-10-16T19:25:46","guid":{"rendered":"https:\/\/vaseco.com.br\/?post_type=product&amp;p=2392"},"modified":"2023-10-16T16:25:46","modified_gmt":"2023-10-16T19:25:46","slug":"vaso-de-vidro-preto-fume-m","status":"publish","type":"product","link":"https:\/\/pulzohost.com.br\/clientes\/vaseco\/produto\/vaso-de-vidro-preto-fume-m\/","title":{"rendered":"Vaso de Vidro Preto Fum\u00ea M"},"content":{"rendered":"<p>Vaso em vidro preto fum\u00ea redondo, tamanho m\u00e9dio.<\/p>\n","protected":false},"excerpt":{"rendered":"<p><strong>Cor:<\/strong> Preto Fum\u00ea<\/p>\n<p><strong>Material:<\/strong> Vidro<\/p>\n<p><strong>Medidas:<\/strong> Altura 17,5 cm x Di\u00e2metro 16,5 cm<\/p>\n","protected":false},"featured_media":2426,"comment_status":"open","ping_status":"closed","template":"","meta":[],"product_cat":[45,46,47],"product_tag":[],"class_list":["post-2392","product","type-product","status-publish","has-post-thumbnail","hentry","product_cat-promocoes","product_cat-sales","product_cat-vasos"],"_links":{"self":[{"href":"https:\/\/pulzohost.com.br\/clientes\/vaseco\/wp-json\/wp\/v2\/product\/2392","targetHints":{"allow":["GET"]}}],"collection":[{"href":"https:\/\/pulzohost.com.br\/clientes\/vaseco\/wp-json\/wp\/v2\/product"}],"about":[{"href":"https:\/\/pulzohost.com.br\/clientes\/vaseco\/wp-json\/wp\/v2\/types\/product"}],"replies":[{"embeddable":true,"href":"https:\/\/pulzohost.com.br\/clientes\/vaseco\/wp-json\/wp\/v2\/comments?post=2392"}],"wp:featuredmedia":[{"embeddable":true,"href":"https:\/\/pulzohost.com.br\/clientes\/vaseco\/wp-json\/wp\/v2\/media\/2426"}],"wp:attachment":[{"href":"https:\/\/pulzohost.com.br\/clientes\/vaseco\/wp-json\/wp\/v2\/media?parent=2392"}],"wp:term":[{"taxonomy":"product_cat","embeddable":true,"href":"https:\/\/pulzohost.com.br\/clientes\/vaseco\/wp-json\/wp\/v2\/product_cat?post=2392"},{"taxonomy":"product_tag","embeddable":true,"href":"https:\/\/pulzohost.com.br\/clientes\/vaseco\/wp-json\/wp\/v2\/product_tag?post=2392"}],"curies":[{"name":"wp","href":"https:\/\/api.w.org\/{rel}","templated":true}]}}

Vaso de Vidro Preto Fumê M

<p>Vaso em vidro preto fumê redondo, tamanho médio.</p>

<p><strong>Cor:</strong> Preto Fumê</p>
<p><strong>Material:</strong> Vidro</p>
<p><strong>Medidas:</strong> Altura 17,5 cm x Diâmetro 16,5 cm</p>
