{"id":85,"date":"2023-11-24T15:30:07","date_gmt":"2023-11-24T15:30:07","guid":{"rendered":"https:\/\/pulzohost.com.br\/clientes\/torcisaobr\/?page_id=85"},"modified":"2023-12-21T12:22:35","modified_gmt":"2023-12-21T12:22:35","slug":"quem-somos","status":"publish","type":"page","link":"https:\/\/pulzohost.com.br\/clientes\/torcisaobr\/quem-somos\/","title":{"rendered":"Quem Somos"},"content":{"rendered":"\t\t<div data-elementor-type=\"wp-page\" data-elementor-id=\"85\" class=\"elementor elementor-85\" data-elementor-post-type=\"page\">\n\t\t\t\t\t\t\t\t\t<section class=\"elementor-section elementor-top-section elementor-element elementor-element-d489e41 elementor-section-boxed elementor-section-height-default elementor-section-height-default\" data-id=\"d489e41\" data-element_type=\"section\" data-settings=\"{&quot;background_background&quot;:&quot;classic&quot;}\">\n\t\t\t\t\t\t<div class=\"elementor-container elementor-column-gap-default\">\n\t\t\t\t\t<div class=\"elementor-column elementor-col-100 elementor-top-column elementor-element elementor-element-2b96d1a\" data-id=\"2b96d1a\" data-element_type=\"column\">\n\t\t\t<div class=\"elementor-widget-wrap elementor-element-populated\">\n\t\t\t\t\t\t\t\t<div class=\"elementor-element elementor-element-d7a84a5 elementor-widget elementor-widget-heading\" data-id=\"d7a84a5\" data-element_type=\"widget\" data-widget_type=\"heading.default\">\n\t\t\t\t<div class=\"elementor-widget-container\">\n\t\t\t<style>\/*! elementor - v3.17.0 - 08-11-2023 *\/\n.elementor-heading-title{padding:0;margin:0;line-height:1}.elementor-widget-heading .elementor-heading-title[class*=elementor-size-]>a{color:inherit;font-size:inherit;line-height:inherit}.elementor-widget-heading .elementor-heading-title.elementor-size-small{font-size:15px}.elementor-widget-heading .elementor-heading-title.elementor-size-medium{font-size:19px}.elementor-widget-heading .elementor-heading-title.elementor-size-large{font-size:29px}.elementor-widget-heading .elementor-heading-title.elementor-size-xl{font-size:39px}.elementor-widget-heading .elementor-heading-title.elementor-size-xxl{font-size:59px}<\/style><h2 class=\"elementor-heading-title elementor-size-default\">Quem Somos<\/h2>\t\t<\/div>\n\t\t\t\t<\/div>\n\t\t\t\t\t<\/div>\n\t\t<\/div>\n\t\t\t\t\t\t\t<\/div>\n\t\t<\/section>\n\t\t\t\t<section class=\"elementor-section elementor-top-section elementor-element elementor-element-5e14610 elementor-section-boxed elementor-section-height-default elementor-section-height-default\" data-id=\"5e14610\" data-element_type=\"section\">\n\t\t\t\t\t\t<div class=\"elementor-container elementor-column-gap-default\">\n\t\t\t\t\t<div class=\"elementor-column elementor-col-50 elementor-top-column elementor-element elementor-element-9633805\" data-id=\"9633805\" data-element_type=\"column\">\n\t\t\t<div class=\"elementor-widget-wrap elementor-element-populated\">\n\t\t\t\t\t\t\t\t<div class=\"elementor-element elementor-element-9569d0b elementor-widget elementor-widget-image\" data-id=\"9569d0b\" data-element_type=\"widget\" data-widget_type=\"image.default\">\n\t\t\t\t<div class=\"elementor-widget-container\">\n\t\t\t<style>\/*! elementor - v3.17.0 - 08-11-2023 *\/\n.elementor-widget-image{text-align:center}.elementor-widget-image a{display:inline-block}.elementor-widget-image a img[src$=\".svg\"]{width:48px}.elementor-widget-image img{vertical-align:middle;display:inline-block}<\/style>\t\t\t\t\t\t\t\t\t\t\t\t<img fetchpriority=\"high\" decoding=\"async\" width=\"2560\" height=\"1153\" src=\"https:\/\/pulzohost.com.br\/clientes\/torcisaobr\/wp-content\/uploads\/2023\/12\/torcisao-trefilados-scaled.jpg\" class=\"attachment-full size-full wp-image-438\" alt=\"\" srcset=\"https:\/\/pulzohost.com.br\/clientes\/torcisaobr\/wp-content\/uploads\/2023\/12\/torcisao-trefilados-scaled.jpg 2560w, https:\/\/pulzohost.com.br\/clientes\/torcisaobr\/wp-content\/uploads\/2023\/12\/torcisao-trefilados-300x135.jpg 300w, https:\/\/pulzohost.com.br\/clientes\/torcisaobr\/wp-content\/uploads\/2023\/12\/torcisao-trefilados-1024x461.jpg 1024w, https:\/\/pulzohost.com.br\/clientes\/torcisaobr\/wp-content\/uploads\/2023\/12\/torcisao-trefilados-768x346.jpg 768w, https:\/\/pulzohost.com.br\/clientes\/torcisaobr\/wp-content\/uploads\/2023\/12\/torcisao-trefilados-1536x692.jpg 1536w, https:\/\/pulzohost.com.br\/clientes\/torcisaobr\/wp-content\/uploads\/2023\/12\/torcisao-trefilados-2048x922.jpg 2048w\" sizes=\"(max-width: 2560px) 100vw, 2560px\" \/>\t\t\t\t\t\t\t\t\t\t\t\t\t\t\t<\/div>\n\t\t\t\t<\/div>\n\t\t\t\t\t<\/div>\n\t\t<\/div>\n\t\t\t\t<div class=\"elementor-column elementor-col-50 elementor-top-column elementor-element elementor-element-1f0b623\" data-id=\"1f0b623\" data-element_type=\"column\">\n\t\t\t<div class=\"elementor-widget-wrap elementor-element-populated\">\n\t\t\t\t\t\t\t\t<div class=\"elementor-element elementor-element-a335505 elementor-widget elementor-widget-heading\" data-id=\"a335505\" data-element_type=\"widget\" data-widget_type=\"heading.default\">\n\t\t\t\t<div class=\"elementor-widget-container\">\n\t\t\t<h2 class=\"elementor-heading-title elementor-size-default\">A TORCIS\u00c3O<\/h2>\t\t<\/div>\n\t\t\t\t<\/div>\n\t\t\t\t<div class=\"elementor-element elementor-element-7559459 elementor-widget elementor-widget-text-editor\" data-id=\"7559459\" data-element_type=\"widget\" data-widget_type=\"text-editor.default\">\n\t\t\t\t<div class=\"elementor-widget-container\">\n\t\t\t<style>\/*! elementor - v3.17.0 - 08-11-2023 *\/\n.elementor-widget-text-editor.elementor-drop-cap-view-stacked .elementor-drop-cap{background-color:#69727d;color:#fff}.elementor-widget-text-editor.elementor-drop-cap-view-framed .elementor-drop-cap{color:#69727d;border:3px solid;background-color:transparent}.elementor-widget-text-editor:not(.elementor-drop-cap-view-default) .elementor-drop-cap{margin-top:8px}.elementor-widget-text-editor:not(.elementor-drop-cap-view-default) .elementor-drop-cap-letter{width:1em;height:1em}.elementor-widget-text-editor .elementor-drop-cap{float:left;text-align:center;line-height:1;font-size:50px}.elementor-widget-text-editor .elementor-drop-cap-letter{display:inline-block}<\/style>\t\t\t\t<p>H\u00e1 mais de 55 anos, a Torcis\u00e3o Trefilados destaca-se no mercado de a\u00e7o trefilado, arames e hastes de aterramento mantendo um padr\u00e3o de qualidade que se reflete na satisfa\u00e7\u00e3o de nossos clientes. <\/p>\n<p>Nossa extensa experi\u00eancia n\u00e3o se limita \u00e0 produ\u00e7\u00e3o e comercializa\u00e7\u00e3o; transcendemos ao agregar valor \u00e0 mat\u00e9ria-prima, transformando a simples aquisi\u00e7\u00e3o de um produto em uma verdadeira experi\u00eancia de valoriza\u00e7\u00e3o para nossos compradores. <\/p>\n<p>Optar por um produto Torcis\u00e3o Trefilados n\u00e3o \u00e9 apenas uma transa\u00e7\u00e3o comum, mas uma oportunidade de elevar a qualidade e prest\u00edgio de seu produto ou empresa.<\/p>\t\t\t\t\t\t<\/div>\n\t\t\t\t<\/div>\n\t\t\t\t\t<\/div>\n\t\t<\/div>\n\t\t\t\t\t\t\t<\/div>\n\t\t<\/section>\n\t\t\t\t<section class=\"elementor-section elementor-top-section elementor-element elementor-element-e1b4e0a elementor-section-boxed elementor-section-height-default elementor-section-height-default\" data-id=\"e1b4e0a\" data-element_type=\"section\" data-settings=\"{&quot;background_background&quot;:&quot;gradient&quot;}\">\n\t\t\t\t\t\t<div class=\"elementor-container elementor-column-gap-default\">\n\t\t\t\t\t<div class=\"elementor-column elementor-col-100 elementor-top-column elementor-element elementor-element-5288eb5\" data-id=\"5288eb5\" data-element_type=\"column\">\n\t\t\t<div class=\"elementor-widget-wrap elementor-element-populated\">\n\t\t\t\t\t\t\t\t<div class=\"elementor-element elementor-element-da80a2d elementor-widget elementor-widget-heading\" data-id=\"da80a2d\" data-element_type=\"widget\" data-widget_type=\"heading.default\">\n\t\t\t\t<div class=\"elementor-widget-container\">\n\t\t\t<h2 class=\"elementor-heading-title elementor-size-default\">NOSSA HIST\u00d3RIA<\/h2>\t\t<\/div>\n\t\t\t\t<\/div>\n\t\t\t\t<div class=\"elementor-element elementor-element-45c2ed9 elementor-widget elementor-widget-heading\" data-id=\"45c2ed9\" data-element_type=\"widget\" data-widget_type=\"heading.default\">\n\t\t\t\t<div class=\"elementor-widget-container\">\n\t\t\t<h2 class=\"elementor-heading-title elementor-size-default\">NOSSO CRESCIMENTO CONTA NOSSA HIST\u00d3RIA<\/h2>\t\t<\/div>\n\t\t\t\t<\/div>\n\t\t\t\t<div class=\"elementor-element elementor-element-6b7eb3e elementor-widget elementor-widget-text-editor\" data-id=\"6b7eb3e\" data-element_type=\"widget\" data-widget_type=\"text-editor.default\">\n\t\t\t\t<div class=\"elementor-widget-container\">\n\t\t\t\t\t\t\t<p>Nossa hist\u00f3ria \u00e9 contada atrav\u00e9s doa nossa excel\u00eancia e crescimento no ramo da constru\u00e7\u00e3o civil atendendo com maestria os mais diferentes segmentos com a melho qualidade<\/p>\t\t\t\t\t\t<\/div>\n\t\t\t\t<\/div>\n\t\t\t\t<div class=\"elementor-element elementor-element-8f47cdb timeline elementor-widget elementor-widget-timeline-widget-addon\" data-id=\"8f47cdb\" data-element_type=\"widget\" data-widget_type=\"timeline-widget-addon.default\">\n\t\t\t\t<div class=\"elementor-widget-container\">\n\t\t\t<!-- ========= Timeline Widget  Addon For Elementor 1.5.2 ========= -->\r\n<div id=\"twae-wrapper-8f47cdb\" class=\"twae-wrapper twae-horizontal-timeline\">\r\n<div class=\"twae-wrapper-inside\">\r\n <div id=\"twae-slider-container-8f47cdb\" data-dir=\"\" data-slidestoshow=\"5\" data-autoplay=\"false\" class=\"twae-slider-container swiper-container\">\r\n <div  class=\"twae-slider-wrapper swiper-wrapper no-height\"><div  id=\"twae-article-9760b82\" class=\"twae-repeater-item twae-story swiper-slide twae-story-icon twae-position-40-50\"><div class=\"twae-story-line\"><\/div><div class=\"twae-labels\">\r\n                       <div class=\"twae-label-big\">1968<\/div>\r\n                     <\/div><div class=\"twae-arrow\"><\/div><div class=\"twae-icon\"><i aria-hidden=\"true\" class=\"far fa-circle\"><\/i><\/div><div class=\"twae-content\"><div class=\"twae-title\">In\u00edcio da Jornada<\/div>\r\n                    <div class=\"twae-description\"><p>A Torcis\u00e3o Trefilados nasce em 1968, focada no desenvolvimento de materiais para a ind\u00fastria automobil\u00edstica, destacando-se pelo rigoroso controle t\u00e9cnico e de qualidade.<\/p><\/div>                        \r\n                <\/div>\r\n        <\/div><div  id=\"twae-article-9a315cf\" class=\"twae-repeater-item twae-story swiper-slide twae-story-icon twae-position-40-50\"><div class=\"twae-story-line\"><\/div><div class=\"twae-labels\">\r\n                       <div class=\"twae-label-big\">1975<\/div>\r\n                     <\/div><div class=\"twae-arrow\"><\/div><div class=\"twae-icon\"><i aria-hidden=\"true\" class=\"far fa-dot-circle\"><\/i><\/div><div class=\"twae-content\"><div class=\"twae-title\">Mudan\u00e7as Estrat\u00e9gicas<\/div>\r\n                    <div class=\"twae-description\"><p>A empresa realiza uma troca de raz\u00e3o social, consolidando-se como \"Ind\u00fastria e Com\u00e9rcio de Ferros e A\u00e7os Trefilados, Arruelas, Rebites, Engraxadeiras, Porcas, Parafusos, Pregos e Torneados em Geral.\"<\/p><\/div>                        \r\n                <\/div>\r\n        <\/div><div  id=\"twae-article-35c4885\" class=\"twae-repeater-item twae-story swiper-slide twae-story-icon twae-position-40-50\"><div class=\"twae-story-line\"><\/div><div class=\"twae-labels\">\r\n                       <div class=\"twae-label-big\">1978<\/div>\r\n                     <\/div><div class=\"twae-arrow\"><\/div><div class=\"twae-icon\"><i aria-hidden=\"true\" class=\"far fa-dot-circle\"><\/i><\/div><div class=\"twae-content\"><div class=\"twae-title\">Nova Sede, Nova Identidade<\/div>\r\n                    <div class=\"twae-description\"><p>A matriz \u00e9 transferida para Vila Liviero, S\u00e3o Paulo, marcando n\u00e3o apenas uma mudan\u00e7a de endere\u00e7o, mas tamb\u00e9m uma amplia\u00e7\u00e3o do escopo de atua\u00e7\u00e3o.<\/p><\/div>                        \r\n                <\/div>\r\n        <\/div><div  id=\"twae-article-7a82b69\" class=\"twae-repeater-item twae-story swiper-slide twae-story-icon twae-position-40-50\"><div class=\"twae-story-line\"><\/div><div class=\"twae-labels\">\r\n                       <div class=\"twae-label-big\">1999<\/div>\r\n                     <\/div><div class=\"twae-arrow\"><\/div><div class=\"twae-icon\"><i aria-hidden=\"true\" class=\"far fa-dot-circle\"><\/i><\/div><div class=\"twae-content\"><div class=\"twae-title\">Novos Rumos com a Dire\u00e7\u00e3o Atual<\/div>\r\n                    <div class=\"twae-description\"><p>A Torcis\u00e3o passa por uma aquisi\u00e7\u00e3o pela diretoria atual, impulsionando uma fase de renova\u00e7\u00e3o e crescimento.<\/p><\/div>                        \r\n                <\/div>\r\n        <\/div><div  id=\"twae-article-c8a534e\" class=\"twae-repeater-item twae-story swiper-slide twae-story-icon twae-position-40-50\"><div class=\"twae-story-line\"><\/div><div class=\"twae-labels\">\r\n                       <div class=\"twae-label-big\">2005<\/div>\r\n                     <\/div><div class=\"twae-arrow\"><\/div><div class=\"twae-icon\"><i aria-hidden=\"true\" class=\"far fa-dot-circle\"><\/i><\/div><div class=\"twae-content\"><div class=\"twae-title\">Torcis\u00e3o Industrial Ganha Vida<\/div>\r\n                    <div class=\"twae-description\"><p>Surge a Torcis\u00e3o Industrial, agora com sede pr\u00f3pria, iniciando suas atividades focadas na fabrica\u00e7\u00e3o de acess\u00f3rios para escoramento, f\u00f4rmas e andaimes.<\/p><\/div>                        \r\n                <\/div>\r\n        <\/div><div  id=\"twae-article-7b32fb6\" class=\"twae-repeater-item twae-story swiper-slide twae-story-icon twae-position-40-50\"><div class=\"twae-story-line\"><\/div><div class=\"twae-labels\">\r\n                       <div class=\"twae-label-big\">2006<\/div>\r\n                     <\/div><div class=\"twae-arrow\"><\/div><div class=\"twae-icon\"><i aria-hidden=\"true\" class=\"far fa-dot-circle\"><\/i><\/div><div class=\"twae-content\"><div class=\"twae-title\">Expans\u00e3o para a Constru\u00e7\u00e3o Civil<\/div>\r\n                    <div class=\"twae-description\"><p>Em 2006, aproveitando o crescimento da constru\u00e7\u00e3o civil, a Torcis\u00e3o Industrial diversifica suas atividades, consolidando-se como refer\u00eancia na fabrica\u00e7\u00e3o de produtos para esse setor.<\/p><\/div>                        \r\n                <\/div>\r\n        <\/div><div  id=\"twae-article-ed6c951\" class=\"twae-repeater-item twae-story swiper-slide twae-story-icon twae-position-40-50\"><div class=\"twae-story-line\"><\/div><div class=\"twae-labels\">\r\n                       <div class=\"twae-label-big\">2011<\/div>\r\n                     <\/div><div class=\"twae-arrow\"><\/div><div class=\"twae-icon\"><i aria-hidden=\"true\" class=\"far fa-dot-circle\"><\/i><\/div><div class=\"twae-content\"><div class=\"twae-title\">Unidade de Protens\u00e3o<\/div>\r\n                    <div class=\"twae-description\"><p>A empresa lan\u00e7ou a unidade de protens\u00e3o em 2011, ampliando seu escopo de atua\u00e7\u00e3o para atender clientes em grandes obras no Brasil.<\/p><\/div>                        \r\n                <\/div>\r\n        <\/div><div  id=\"twae-article-14fc808\" class=\"twae-repeater-item twae-story swiper-slide twae-story-icon twae-position-40-50\"><div class=\"twae-story-line\"><\/div><div class=\"twae-labels\">\r\n                       <div class=\"twae-label-big\">2013<\/div>\r\n                     <\/div><div class=\"twae-arrow\"><\/div><div class=\"twae-icon\"><i aria-hidden=\"true\" class=\"far fa-dot-circle\"><\/i><\/div><div class=\"twae-content\"><div class=\"twae-title\">Avan\u00e7o para Minera\u00e7\u00e3o e T\u00faneis<\/div>\r\n                    <div class=\"twae-description\"><p>A Torcis\u00e3o inicia a fabrica\u00e7\u00e3o de barras roscadas em 2013, ampliando seu portf\u00f3lio para atender \u00e0s demandas de sustenta\u00e7\u00e3o de rochas em escava\u00e7\u00f5es subterr\u00e2neas.<\/p><\/div>                        \r\n                <\/div>\r\n        <\/div><div  id=\"twae-article-ea74ac2\" class=\"twae-repeater-item twae-story swiper-slide twae-story-icon twae-position-40-50\"><div class=\"twae-story-line\"><\/div><div class=\"twae-labels\">\r\n                       <div class=\"twae-label-big\">2014<\/div>\r\n                     <\/div><div class=\"twae-arrow\"><\/div><div class=\"twae-icon\"><i aria-hidden=\"true\" class=\"far fa-dot-circle\"><\/i><\/div><div class=\"twae-content\"><div class=\"twae-title\">Especializa\u00e7\u00e3o em Haste de Aterramento<\/div>\r\n                    <div class=\"twae-description\"><p>A Torcis\u00e3o Trefilados se especializa na distribui\u00e7\u00e3o de haste de aterramento, atendendo com precis\u00e3o diversas obras de infraestrutura e constru\u00e7\u00e3o civil.<\/p><\/div>                        \r\n                <\/div>\r\n        <\/div><div  id=\"twae-article-b410faf\" class=\"twae-repeater-item twae-story swiper-slide twae-story-icon twae-position-40-50\"><div class=\"twae-story-line\"><\/div><div class=\"twae-labels\">\r\n                       <div class=\"twae-label-big\">2015<\/div>\r\n                     <\/div><div class=\"twae-arrow\"><\/div><div class=\"twae-icon\"><i aria-hidden=\"true\" class=\"far fa-dot-circle\"><\/i><\/div><div class=\"twae-content\"><div class=\"twae-title\">Ingresso no Setor de Energia<\/div>\r\n                    <div class=\"twae-description\"><p>A Torcis\u00e3o Industrial expande suas atividades para o setor de energia, produzindo produtos de qualidade para funda\u00e7\u00f5es de obras energ\u00e9ticas.<\/p><\/div>                        \r\n                <\/div>\r\n        <\/div><div  id=\"twae-article-c19e353\" class=\"twae-repeater-item twae-story swiper-slide twae-story-icon twae-position-40-50\"><div class=\"twae-story-line\"><\/div><div class=\"twae-labels\">\r\n                       <div class=\"twae-label-big\">2016<\/div>\r\n                     <\/div><div class=\"twae-arrow\"><\/div><div class=\"twae-icon\"><i aria-hidden=\"true\" class=\"far fa-dot-circle\"><\/i><\/div><div class=\"twae-content\"><div class=\"twae-title\">Sede Pr\u00f3pria em Ribeir\u00e3o Pires<\/div>\r\n                    <div class=\"twae-description\"><p>A empresa muda sua sede para Ribeir\u00e3o Pires em 2016, marcando uma fase de consolida\u00e7\u00e3o e moderniza\u00e7\u00e3o.<\/p><\/div>                        \r\n                <\/div>\r\n        <\/div><div  id=\"twae-article-80b29f4\" class=\"twae-repeater-item twae-story swiper-slide twae-story-icon twae-position-40-50\"><div class=\"twae-story-line\"><\/div><div class=\"twae-labels\">\r\n                       <div class=\"twae-label-big\">2017<\/div>\r\n                     <\/div><div class=\"twae-arrow\"><\/div><div class=\"twae-icon\"><i aria-hidden=\"true\" class=\"far fa-dot-circle\"><\/i><\/div><div class=\"twae-content\"><div class=\"twae-title\">Qualidade Certificada em Ensaios<\/div>\r\n                    <div class=\"twae-description\"><p>A divis\u00e3o de energia da Torcis\u00e3o passa a oferecer ensaios qualificados, garantindo conformidade com a norma ABNT \u2014 NBR 6.122.<\/p><\/div>                        \r\n                <\/div>\r\n        <\/div><div  id=\"twae-article-5816801\" class=\"twae-repeater-item twae-story swiper-slide twae-story-icon twae-position-40-50\"><div class=\"twae-story-line\"><\/div><div class=\"twae-labels\">\r\n                       <div class=\"twae-label-big\">2019<\/div>\r\n                     <\/div><div class=\"twae-arrow\"><\/div><div class=\"twae-icon\"><i aria-hidden=\"true\" class=\"far fa-dot-circle\"><\/i><\/div><div class=\"twae-content\"><div class=\"twae-title\">Inova\u00e7\u00e3o com Estacas Met\u00e1licas Helicoidais<\/div>\r\n                    <div class=\"twae-description\"><p>Desenvolvimento e patenteamento de Estacas Met\u00e1licas Helicoidais como solu\u00e7\u00e3o para Provas de Carga Est\u00e1tica, proporcionando agilidade e efici\u00eancia nas obras.<\/p><\/div>                        \r\n                <\/div>\r\n        <\/div><div  id=\"twae-article-cb2ad1c\" class=\"twae-repeater-item twae-story swiper-slide twae-story-icon twae-position-40-50\"><div class=\"twae-story-line\"><\/div><div class=\"twae-labels\">\r\n                       <div class=\"twae-label-big\">2022<\/div>\r\n                     <\/div><div class=\"twae-arrow\"><\/div><div class=\"twae-icon\"><i aria-hidden=\"true\" class=\"far fa-dot-circle\"><\/i><\/div><div class=\"twae-content\"><div class=\"twae-title\">Nascimento do Grupo Torcis\u00e3o<\/div>\r\n                    <div class=\"twae-description\"><p>Em 2022, a Torcis\u00e3o se transforma no Grupo Torcis\u00e3o, um marco que reflete a expans\u00e3o e diversifica\u00e7\u00e3o de suas atividades ao longo dos anos. O grupo consolida sua posi\u00e7\u00e3o como l\u00edder em diversos segmentos industriais.<\/p><\/div>                        \r\n                <\/div>\r\n        <\/div><\/div><\/div><\/div> <!-- Add Arrows -->\r\n            <div class=\"twae-button-prev\"><i class=\"fas fa-chevron-left\"><\/i><\/div>\r\n            <div class=\"twae-button-next\"><i class=\"fas fa-chevron-right\"><\/i><\/div>\r\n            <div class=\"twae-h-line\"><\/div>\r\n            <div class=\"twae-line-fill\"><\/div>\r\n<\/div><style type=\"text\/css\"><\/style>\t\t<\/div>\n\t\t\t\t<\/div>\n\t\t\t\t\t<\/div>\n\t\t<\/div>\n\t\t\t\t\t\t\t<\/div>\n\t\t<\/section>\n\t\t\t\t\t\t\t<\/div>\n\t\t","protected":false},"excerpt":{"rendered":"<p>A TORCIS\u00c3O H\u00e1 mais de 55 anos, a Torcis\u00e3o Trefilados destaca-se no mercado de a\u00e7o trefilado, arames e hastes de aterramento mantendo um padr\u00e3o de qualidade que se reflete na satisfa\u00e7\u00e3o de nossos clientes. Nossa extensa experi\u00eancia n\u00e3o se limita \u00e0 produ\u00e7\u00e3o e comercializa\u00e7\u00e3o; transcendemos ao agregar valor \u00e0 mat\u00e9ria-prima, transformando a simples aquisi\u00e7\u00e3o de [&hellip;]<\/p>\n","protected":false},"author":1,"featured_media":0,"parent":0,"menu_order":0,"comment_status":"closed","ping_status":"closed","template":"","meta":{"footnotes":""},"class_list":["post-85","page","type-page","status-publish","hentry"],"_links":{"self":[{"href":"https:\/\/pulzohost.com.br\/clientes\/torcisaobr\/wp-json\/wp\/v2\/pages\/85","targetHints":{"allow":["GET"]}}],"collection":[{"href":"https:\/\/pulzohost.com.br\/clientes\/torcisaobr\/wp-json\/wp\/v2\/pages"}],"about":[{"href":"https:\/\/pulzohost.com.br\/clientes\/torcisaobr\/wp-json\/wp\/v2\/types\/page"}],"author":[{"embeddable":true,"href":"https:\/\/pulzohost.com.br\/clientes\/torcisaobr\/wp-json\/wp\/v2\/users\/1"}],"replies":[{"embeddable":true,"href":"https:\/\/pulzohost.com.br\/clientes\/torcisaobr\/wp-json\/wp\/v2\/comments?post=85"}],"version-history":[{"count":22,"href":"https:\/\/pulzohost.com.br\/clientes\/torcisaobr\/wp-json\/wp\/v2\/pages\/85\/revisions"}],"predecessor-version":[{"id":475,"href":"https:\/\/pulzohost.com.br\/clientes\/torcisaobr\/wp-json\/wp\/v2\/pages\/85\/revisions\/475"}],"wp:attachment":[{"href":"https:\/\/pulzohost.com.br\/clientes\/torcisaobr\/wp-json\/wp\/v2\/media?parent=85"}],"curies":[{"name":"wp","href":"https:\/\/api.w.org\/{rel}","templated":true}]}}