{"id":77,"date":"2024-02-07T23:22:35","date_gmt":"2024-02-07T23:22:35","guid":{"rendered":"https:\/\/pulzohost.com.br\/clientes\/meubhar\/?page_id=77"},"modified":"2024-02-08T03:40:14","modified_gmt":"2024-02-08T03:40:14","slug":"quem-somos","status":"publish","type":"page","link":"https:\/\/pulzohost.com.br\/clientes\/meubhar\/quem-somos\/","title":{"rendered":"Quem Somos"},"content":{"rendered":"\t\t<div data-elementor-type=\"wp-page\" data-elementor-id=\"77\" class=\"elementor elementor-77\" data-elementor-post-type=\"page\">\n\t\t\t\t\t\t<section class=\"elementor-section elementor-top-section elementor-element elementor-element-a603c50 elementor-section-boxed elementor-section-height-default elementor-section-height-default\" data-id=\"a603c50\" data-element_type=\"section\" data-settings=\"{&quot;background_background&quot;:&quot;classic&quot;}\">\n\t\t\t\t\t\t<div class=\"elementor-container elementor-column-gap-default\">\n\t\t\t\t\t<div class=\"elementor-column elementor-col-100 elementor-top-column elementor-element elementor-element-c8bdaaa\" data-id=\"c8bdaaa\" data-element_type=\"column\">\n\t\t\t<div class=\"elementor-widget-wrap elementor-element-populated\">\n\t\t\t\t\t\t<div class=\"elementor-element elementor-element-4b06284 elementor-widget elementor-widget-heading\" data-id=\"4b06284\" data-element_type=\"widget\" data-widget_type=\"heading.default\">\n\t\t\t\t<div class=\"elementor-widget-container\">\n\t\t\t<style>\/*! elementor - v3.19.0 - 07-02-2024 *\/\n.elementor-heading-title{padding:0;margin:0;line-height:1}.elementor-widget-heading .elementor-heading-title[class*=elementor-size-]>a{color:inherit;font-size:inherit;line-height:inherit}.elementor-widget-heading .elementor-heading-title.elementor-size-small{font-size:15px}.elementor-widget-heading .elementor-heading-title.elementor-size-medium{font-size:19px}.elementor-widget-heading .elementor-heading-title.elementor-size-large{font-size:29px}.elementor-widget-heading .elementor-heading-title.elementor-size-xl{font-size:39px}.elementor-widget-heading .elementor-heading-title.elementor-size-xxl{font-size:59px}<\/style><h2 class=\"elementor-heading-title elementor-size-default\">Quem Somos<\/h2>\t\t<\/div>\n\t\t\t\t<\/div>\n\t\t\t\t\t<\/div>\n\t\t<\/div>\n\t\t\t\t\t<\/div>\n\t\t<\/section>\n\t\t\t\t<section class=\"elementor-section elementor-top-section elementor-element elementor-element-9d2e1a7 elementor-section-boxed elementor-section-height-default elementor-section-height-default\" data-id=\"9d2e1a7\" data-element_type=\"section\">\n\t\t\t\t\t\t<div class=\"elementor-container elementor-column-gap-default\">\n\t\t\t\t\t<div class=\"elementor-column elementor-col-50 elementor-top-column elementor-element elementor-element-ed67a2b\" data-id=\"ed67a2b\" data-element_type=\"column\">\n\t\t\t<div class=\"elementor-widget-wrap elementor-element-populated\">\n\t\t\t\t\t\t<div class=\"elementor-element elementor-element-b4862e8 elementor-widget elementor-widget-heading\" data-id=\"b4862e8\" data-element_type=\"widget\" data-widget_type=\"heading.default\">\n\t\t\t\t<div class=\"elementor-widget-container\">\n\t\t\t<h2 class=\"elementor-heading-title elementor-size-default\">O BAR mais aut\u00eantico e legal da vizinhan\u00e7a<\/h2>\t\t<\/div>\n\t\t\t\t<\/div>\n\t\t\t\t<div class=\"elementor-element elementor-element-e1a4660 elementor-widget elementor-widget-text-editor\" data-id=\"e1a4660\" data-element_type=\"widget\" data-widget_type=\"text-editor.default\">\n\t\t\t\t<div class=\"elementor-widget-container\">\n\t\t\t<style>\/*! elementor - v3.19.0 - 07-02-2024 *\/\n.elementor-widget-text-editor.elementor-drop-cap-view-stacked .elementor-drop-cap{background-color:#69727d;color:#fff}.elementor-widget-text-editor.elementor-drop-cap-view-framed .elementor-drop-cap{color:#69727d;border:3px solid;background-color:transparent}.elementor-widget-text-editor:not(.elementor-drop-cap-view-default) .elementor-drop-cap{margin-top:8px}.elementor-widget-text-editor:not(.elementor-drop-cap-view-default) .elementor-drop-cap-letter{width:1em;height:1em}.elementor-widget-text-editor .elementor-drop-cap{float:left;text-align:center;line-height:1;font-size:50px}.elementor-widget-text-editor .elementor-drop-cap-letter{display:inline-block}<\/style>\t\t\t\t<p>A hist\u00f3ria do casal de propriet\u00e1rios do Meu Bhar, come\u00e7a me 2015, quando um primeiro empreendimento foi realizado, era um estabelecimento voltado a venda de espetinhos, Ap\u00f3s o fechamento, o casal passou e organizar eventos, Paulo era propriet\u00e1rio de uma loja de roupas e Cl\u00e1udia, trabalhava em um banco, como gerente. Nessa \u00e9poca eles mantinha uma dupla jornada, em seus trabalhos durante os dias e os eventos noturnos e aos finais de semana. Depois do nascimento da filha, Cl\u00e1udia Rodrigues e Rubens Paulo, decidiram que n\u00e3o gostariam mais virar as noites trabalhando e fecharam o estabelecimento. Ap\u00f3s dois anos, voltaram \u00e0 ativa. Cl\u00e1udia e Paulo, decidiram iniciar um novo empreendimento, abrir um lugar que tivesse um nome f\u00e1cil, que pudesse trazer proximidade com os clientes e que transmitisse o seu jeito de ser. Da\u00ed nasceu o \u201cMeu Bhar\u201d, um lugar para chamar de seu.<\/p><p>As unidades, s\u00e3o muito bem decoradas, o paisagismo combina inteiramente com o r\u00fastico da madeira utilizada em v\u00e1rios pontos. A m\u00fasica \u00e9 para todos os gostos, dessa maneira, varia de acordo com o dia que voc\u00ea frequenta o lugar. Atualmente, o nome Meu Bhar, j\u00e1 est\u00e1 estabelecido em toda a regi\u00e3o, conta com o reconhecimento do p\u00fablico, sendo refer\u00eancia de \u00f3timo ambiente, descontra\u00e7\u00e3o, atendimento, card\u00e1pio elaborado e com muito destaque para os Drinks da casa, que s\u00e3o um show \u00e0 parte.<\/p>\t\t\t\t\t\t<\/div>\n\t\t\t\t<\/div>\n\t\t\t\t\t<\/div>\n\t\t<\/div>\n\t\t\t\t<div class=\"elementor-column elementor-col-50 elementor-top-column elementor-element elementor-element-531a078\" data-id=\"531a078\" data-element_type=\"column\">\n\t\t\t<div class=\"elementor-widget-wrap elementor-element-populated\">\n\t\t\t\t\t\t<div class=\"elementor-element elementor-element-3db5f29 elementor-widget elementor-widget-image\" data-id=\"3db5f29\" data-element_type=\"widget\" data-widget_type=\"image.default\">\n\t\t\t\t<div class=\"elementor-widget-container\">\n\t\t\t<style>\/*! elementor - v3.19.0 - 07-02-2024 *\/\n.elementor-widget-image{text-align:center}.elementor-widget-image a{display:inline-block}.elementor-widget-image a img[src$=\".svg\"]{width:48px}.elementor-widget-image img{vertical-align:middle;display:inline-block}<\/style>\t\t\t\t\t\t\t\t\t\t<img fetchpriority=\"high\" decoding=\"async\" width=\"541\" height=\"560\" src=\"https:\/\/pulzohost.com.br\/clientes\/meubhar\/wp-content\/uploads\/2024\/02\/img-quem-somos.jpg\" class=\"attachment-full size-full wp-image-52\" alt=\"\" srcset=\"https:\/\/pulzohost.com.br\/clientes\/meubhar\/wp-content\/uploads\/2024\/02\/img-quem-somos.jpg 541w, https:\/\/pulzohost.com.br\/clientes\/meubhar\/wp-content\/uploads\/2024\/02\/img-quem-somos-290x300.jpg 290w\" sizes=\"(max-width: 541px) 100vw, 541px\" \/>\t\t\t\t\t\t\t\t\t\t\t\t\t<\/div>\n\t\t\t\t<\/div>\n\t\t\t\t\t<\/div>\n\t\t<\/div>\n\t\t\t\t\t<\/div>\n\t\t<\/section>\n\t\t\t\t<section class=\"elementor-section elementor-top-section elementor-element elementor-element-e3def21 elementor-section-boxed elementor-section-height-default elementor-section-height-default\" data-id=\"e3def21\" data-element_type=\"section\">\n\t\t\t\t\t\t<div class=\"elementor-container elementor-column-gap-default\">\n\t\t\t\t\t<div class=\"elementor-column elementor-col-33 elementor-top-column elementor-element elementor-element-92a086c\" data-id=\"92a086c\" data-element_type=\"column\">\n\t\t\t<div class=\"elementor-widget-wrap elementor-element-populated\">\n\t\t\t\t\t\t<div class=\"elementor-element elementor-element-0fb164a elementor-widget elementor-widget-image\" data-id=\"0fb164a\" data-element_type=\"widget\" data-widget_type=\"image.default\">\n\t\t\t\t<div class=\"elementor-widget-container\">\n\t\t\t\t\t\t\t\t\t\t\t\t\t<img decoding=\"async\" width=\"150\" height=\"150\" src=\"https:\/\/pulzohost.com.br\/clientes\/meubhar\/wp-content\/uploads\/2024\/02\/img-missao.png\" class=\"attachment-large size-large wp-image-120\" alt=\"\" \/>\t\t\t\t\t\t\t\t\t\t\t\t\t<\/div>\n\t\t\t\t<\/div>\n\t\t\t\t<div class=\"elementor-element elementor-element-bed87cd elementor-widget elementor-widget-heading\" data-id=\"bed87cd\" data-element_type=\"widget\" data-widget_type=\"heading.default\">\n\t\t\t\t<div class=\"elementor-widget-container\">\n\t\t\t<h4 class=\"elementor-heading-title elementor-size-default\">NOSSA MISS\u00c3O\n<\/h4>\t\t<\/div>\n\t\t\t\t<\/div>\n\t\t\t\t<div class=\"elementor-element elementor-element-34da471 elementor-widget elementor-widget-text-editor\" data-id=\"34da471\" data-element_type=\"widget\" data-widget_type=\"text-editor.default\">\n\t\t\t\t<div class=\"elementor-widget-container\">\n\t\t\t\t\t\t\t<p>Proporcionar momentos incr\u00edveis na vida de nossos clientes e colaboradores, atrav\u00e9s de uma gastronomia de alta qualidade e tratando nossos funcion\u00e1rios como parte essencial da empresa.<\/p>\t\t\t\t\t\t<\/div>\n\t\t\t\t<\/div>\n\t\t\t\t\t<\/div>\n\t\t<\/div>\n\t\t\t\t<div class=\"elementor-column elementor-col-33 elementor-top-column elementor-element elementor-element-de306c0\" data-id=\"de306c0\" data-element_type=\"column\">\n\t\t\t<div class=\"elementor-widget-wrap elementor-element-populated\">\n\t\t\t\t\t\t<div class=\"elementor-element elementor-element-5555436 elementor-widget elementor-widget-image\" data-id=\"5555436\" data-element_type=\"widget\" data-widget_type=\"image.default\">\n\t\t\t\t<div class=\"elementor-widget-container\">\n\t\t\t\t\t\t\t\t\t\t\t\t\t<img decoding=\"async\" width=\"150\" height=\"150\" src=\"https:\/\/pulzohost.com.br\/clientes\/meubhar\/wp-content\/uploads\/2024\/02\/img-visao.png\" class=\"attachment-large size-large wp-image-122\" alt=\"\" \/>\t\t\t\t\t\t\t\t\t\t\t\t\t<\/div>\n\t\t\t\t<\/div>\n\t\t\t\t<div class=\"elementor-element elementor-element-e3c71f5 elementor-widget elementor-widget-heading\" data-id=\"e3c71f5\" data-element_type=\"widget\" data-widget_type=\"heading.default\">\n\t\t\t\t<div class=\"elementor-widget-container\">\n\t\t\t<h4 class=\"elementor-heading-title elementor-size-default\">NOSSA VIS\u00c3O<\/h4>\t\t<\/div>\n\t\t\t\t<\/div>\n\t\t\t\t<div class=\"elementor-element elementor-element-2a01cda elementor-widget elementor-widget-text-editor\" data-id=\"2a01cda\" data-element_type=\"widget\" data-widget_type=\"text-editor.default\">\n\t\t\t\t<div class=\"elementor-widget-container\">\n\t\t\t\t\t\t\t<p>Torna-se um bar reconhecido, sendo refer\u00eancia de alta qualidade, se destacando como bar diferenciado no mercado, onde a busca de reconhecimento e desenvolvimento seja constante em todos n\u00edveis e setores da empresa.<\/p>\t\t\t\t\t\t<\/div>\n\t\t\t\t<\/div>\n\t\t\t\t\t<\/div>\n\t\t<\/div>\n\t\t\t\t<div class=\"elementor-column elementor-col-33 elementor-top-column elementor-element elementor-element-94c30cf\" data-id=\"94c30cf\" data-element_type=\"column\">\n\t\t\t<div class=\"elementor-widget-wrap elementor-element-populated\">\n\t\t\t\t\t\t<div class=\"elementor-element elementor-element-541e8f1 elementor-widget elementor-widget-image\" data-id=\"541e8f1\" data-element_type=\"widget\" data-widget_type=\"image.default\">\n\t\t\t\t<div class=\"elementor-widget-container\">\n\t\t\t\t\t\t\t\t\t\t\t\t\t<img loading=\"lazy\" decoding=\"async\" width=\"150\" height=\"150\" src=\"https:\/\/pulzohost.com.br\/clientes\/meubhar\/wp-content\/uploads\/2024\/02\/img-valores.png\" class=\"attachment-large size-large wp-image-121\" alt=\"\" \/>\t\t\t\t\t\t\t\t\t\t\t\t\t<\/div>\n\t\t\t\t<\/div>\n\t\t\t\t<div class=\"elementor-element elementor-element-1a7efb6 elementor-widget elementor-widget-heading\" data-id=\"1a7efb6\" data-element_type=\"widget\" data-widget_type=\"heading.default\">\n\t\t\t\t<div class=\"elementor-widget-container\">\n\t\t\t<h4 class=\"elementor-heading-title elementor-size-default\">NOSSOS VALORES<\/h4>\t\t<\/div>\n\t\t\t\t<\/div>\n\t\t\t\t<div class=\"elementor-element elementor-element-69ab975 elementor-widget elementor-widget-text-editor\" data-id=\"69ab975\" data-element_type=\"widget\" data-widget_type=\"text-editor.default\">\n\t\t\t\t<div class=\"elementor-widget-container\">\n\t\t\t\t\t\t\t<p>Respeito; \u00c9tica; Diversidade; Trabalho em equipe; Pessoas em 1\u00ba lugar; Qualidade; Comunica\u00e7\u00e3o; Comprometimento; Valoriza\u00e7\u00e3o; Transpar\u00eancia; Inova\u00e7\u00e3o; Responsabilidade<\/p>\t\t\t\t\t\t<\/div>\n\t\t\t\t<\/div>\n\t\t\t\t\t<\/div>\n\t\t<\/div>\n\t\t\t\t\t<\/div>\n\t\t<\/section>\n\t\t\t\t<\/div>\n\t\t","protected":false},"excerpt":{"rendered":"<p>Quem Somos O BAR mais aut\u00eantico e legal da vizinhan\u00e7a A hist\u00f3ria do casal de propriet\u00e1rios do Meu Bhar, come\u00e7a me 2015, quando um primeiro empreendimento foi realizado, era um estabelecimento voltado a venda de espetinhos, Ap\u00f3s o fechamento, o casal passou e organizar eventos, Paulo era propriet\u00e1rio de uma loja de roupas e Cl\u00e1udia, [&hellip;]<\/p>\n","protected":false},"author":1,"featured_media":0,"parent":0,"menu_order":0,"comment_status":"closed","ping_status":"closed","template":"","meta":{"footnotes":""},"class_list":["post-77","page","type-page","status-publish","hentry"],"_links":{"self":[{"href":"https:\/\/pulzohost.com.br\/clientes\/meubhar\/wp-json\/wp\/v2\/pages\/77","targetHints":{"allow":["GET"]}}],"collection":[{"href":"https:\/\/pulzohost.com.br\/clientes\/meubhar\/wp-json\/wp\/v2\/pages"}],"about":[{"href":"https:\/\/pulzohost.com.br\/clientes\/meubhar\/wp-json\/wp\/v2\/types\/page"}],"author":[{"embeddable":true,"href":"https:\/\/pulzohost.com.br\/clientes\/meubhar\/wp-json\/wp\/v2\/users\/1"}],"replies":[{"embeddable":true,"href":"https:\/\/pulzohost.com.br\/clientes\/meubhar\/wp-json\/wp\/v2\/comments?post=77"}],"version-history":[{"count":19,"href":"https:\/\/pulzohost.com.br\/clientes\/meubhar\/wp-json\/wp\/v2\/pages\/77\/revisions"}],"predecessor-version":[{"id":397,"href":"https:\/\/pulzohost.com.br\/clientes\/meubhar\/wp-json\/wp\/v2\/pages\/77\/revisions\/397"}],"wp:attachment":[{"href":"https:\/\/pulzohost.com.br\/clientes\/meubhar\/wp-json\/wp\/v2\/media?parent=77"}],"curies":[{"name":"wp","href":"https:\/\/api.w.org\/{rel}","templated":true}]}}