{"id":13,"date":"2023-03-20T11:26:07","date_gmt":"2023-03-20T14:26:07","guid":{"rendered":"https:\/\/ninjaflix.salaninja.com\/carrinho\/"},"modified":"2024-07-19T10:41:10","modified_gmt":"2024-07-19T13:41:10","slug":"carrinho","status":"publish","type":"page","link":"https:\/\/pulzohost.com.br\/clientes\/dreamart\/carrinho\/","title":{"rendered":"Carrinho"},"content":{"rendered":"\t\t<div data-elementor-type=\"wp-page\" data-elementor-id=\"13\" class=\"elementor elementor-13\" data-elementor-post-type=\"page\">\n\t\t\t\t<div class=\"elementor-element elementor-element-c615d6b e-flex e-con-boxed e-con e-parent\" data-id=\"c615d6b\" data-element_type=\"container\" data-settings=\"{&quot;background_background&quot;:&quot;classic&quot;}\">\n\t\t\t\t\t<div class=\"e-con-inner\">\n\t\t\t\t<div class=\"elementor-element elementor-element-fb02010 elementor-widget elementor-widget-heading\" data-id=\"fb02010\" data-element_type=\"widget\" data-widget_type=\"heading.default\">\n\t\t\t\t<div class=\"elementor-widget-container\">\n\t\t\t<style>\/*! elementor - v3.22.0 - 17-06-2024 *\/\n.elementor-heading-title{padding:0;margin:0;line-height:1}.elementor-widget-heading .elementor-heading-title[class*=elementor-size-]>a{color:inherit;font-size:inherit;line-height:inherit}.elementor-widget-heading .elementor-heading-title.elementor-size-small{font-size:15px}.elementor-widget-heading .elementor-heading-title.elementor-size-medium{font-size:19px}.elementor-widget-heading .elementor-heading-title.elementor-size-large{font-size:29px}.elementor-widget-heading .elementor-heading-title.elementor-size-xl{font-size:39px}.elementor-widget-heading .elementor-heading-title.elementor-size-xxl{font-size:59px}<\/style><h1 class=\"elementor-heading-title elementor-size-default\">Carrinho<\/h1>\t\t<\/div>\n\t\t\t\t<\/div>\n\t\t\t\t\t<\/div>\n\t\t\t\t<\/div>\n\t\t<div class=\"elementor-element elementor-element-e1e959e e-flex e-con-boxed e-con e-parent\" data-id=\"e1e959e\" data-element_type=\"container\" data-settings=\"{&quot;background_background&quot;:&quot;classic&quot;}\">\n\t\t\t\t\t<div class=\"e-con-inner\">\n\t\t\t\t\t<\/div>\n\t\t\t\t<\/div>\n\t\t\t\t<\/div>\n\t\t","protected":false},"excerpt":{"rendered":"<p>Carrinho Remover item Imagem de miniatura Produto Pre\u00e7o Quantidade Subtotal &times; Assinatura Mensal &#82;&#36;&nbsp;19,90 \/ m\u00eas Assinatura Mensal quantidade &#82;&#36;&nbsp;59,70 \/ m\u00eas Atualizar o carrinho Aplicar cupom Total no carrinho Subtotal &#82;&#36;&nbsp;59,70 Total &#82;&#36;&nbsp;59,70 Totais recorrentes Subtotal &#082;&#036;&nbsp;59,70 \/ m\u00eas Total recorrente &#082;&#036;&nbsp;59,70 \/ m\u00easPrimeira renova\u00e7\u00e3o: agosto 19, 2024 Avan\u00e7ar para o pagamento<\/p>\n","protected":false},"author":3,"featured_media":0,"parent":0,"menu_order":0,"comment_status":"closed","ping_status":"closed","template":"elementor_header_footer","meta":{"pmpro_default_level":0,"footnotes":""},"class_list":["post-13","page","type-page","status-publish","hentry","pmpro-has-access"],"_links":{"self":[{"href":"https:\/\/pulzohost.com.br\/clientes\/dreamart\/wp-json\/wp\/v2\/pages\/13","targetHints":{"allow":["GET"]}}],"collection":[{"href":"https:\/\/pulzohost.com.br\/clientes\/dreamart\/wp-json\/wp\/v2\/pages"}],"about":[{"href":"https:\/\/pulzohost.com.br\/clientes\/dreamart\/wp-json\/wp\/v2\/types\/page"}],"author":[{"embeddable":true,"href":"https:\/\/pulzohost.com.br\/clientes\/dreamart\/wp-json\/wp\/v2\/users\/3"}],"replies":[{"embeddable":true,"href":"https:\/\/pulzohost.com.br\/clientes\/dreamart\/wp-json\/wp\/v2\/comments?post=13"}],"version-history":[{"count":15,"href":"https:\/\/pulzohost.com.br\/clientes\/dreamart\/wp-json\/wp\/v2\/pages\/13\/revisions"}],"predecessor-version":[{"id":763,"href":"https:\/\/pulzohost.com.br\/clientes\/dreamart\/wp-json\/wp\/v2\/pages\/13\/revisions\/763"}],"wp:attachment":[{"href":"https:\/\/pulzohost.com.br\/clientes\/dreamart\/wp-json\/wp\/v2\/media?parent=13"}],"curies":[{"name":"wp","href":"https:\/\/api.w.org\/{rel}","templated":true}]}}