{"id":841,"date":"2023-10-17T17:56:24","date_gmt":"2023-10-17T20:56:24","guid":{"rendered":"https:\/\/pulzohost.com.br\/clientes\/asterclinica\/?page_id=841"},"modified":"2023-10-17T17:59:13","modified_gmt":"2023-10-17T20:59:13","slug":"mapa-do-site","status":"publish","type":"page","link":"https:\/\/pulzohost.com.br\/clientes\/asterclinica\/mapa-do-site\/","title":{"rendered":"Mapa do Site"},"content":{"rendered":"\t\t<div data-elementor-type=\"wp-page\" data-elementor-id=\"841\" class=\"elementor elementor-841\" data-elementor-post-type=\"page\">\n\t\t\t\t\t\t\t\t\t<section class=\"elementor-section elementor-top-section elementor-element elementor-element-a265f4a elementor-section-boxed elementor-section-height-default elementor-section-height-default\" data-id=\"a265f4a\" data-element_type=\"section\" data-settings=\"{&quot;background_background&quot;:&quot;classic&quot;}\">\n\t\t\t\t\t\t<div class=\"elementor-container elementor-column-gap-default\">\n\t\t\t\t\t<div class=\"elementor-column elementor-col-100 elementor-top-column elementor-element elementor-element-53f4d72\" data-id=\"53f4d72\" data-element_type=\"column\">\n\t\t\t<div class=\"elementor-widget-wrap elementor-element-populated\">\n\t\t\t\t\t\t\t\t<div class=\"elementor-element elementor-element-2b1fa75 elementor-widget elementor-widget-heading\" data-id=\"2b1fa75\" data-element_type=\"widget\" data-widget_type=\"heading.default\">\n\t\t\t\t<div class=\"elementor-widget-container\">\n\t\t\t<style>\/*! elementor - v3.16.0 - 20-09-2023 *\/\n.elementor-heading-title{padding:0;margin:0;line-height:1}.elementor-widget-heading .elementor-heading-title[class*=elementor-size-]>a{color:inherit;font-size:inherit;line-height:inherit}.elementor-widget-heading .elementor-heading-title.elementor-size-small{font-size:15px}.elementor-widget-heading .elementor-heading-title.elementor-size-medium{font-size:19px}.elementor-widget-heading .elementor-heading-title.elementor-size-large{font-size:29px}.elementor-widget-heading .elementor-heading-title.elementor-size-xl{font-size:39px}.elementor-widget-heading .elementor-heading-title.elementor-size-xxl{font-size:59px}<\/style><h1 class=\"elementor-heading-title elementor-size-default\">Mapa do Site<\/h1>\t\t<\/div>\n\t\t\t\t<\/div>\n\t\t\t\t\t<\/div>\n\t\t<\/div>\n\t\t\t\t\t\t\t<\/div>\n\t\t<\/section>\n\t\t\t\t<section class=\"elementor-section elementor-top-section elementor-element elementor-element-9443647 elementor-section-boxed elementor-section-height-default elementor-section-height-default\" data-id=\"9443647\" data-element_type=\"section\">\n\t\t\t\t\t\t<div class=\"elementor-container elementor-column-gap-default\">\n\t\t\t\t\t<div class=\"elementor-column elementor-col-100 elementor-top-column elementor-element elementor-element-500f6f2\" data-id=\"500f6f2\" data-element_type=\"column\">\n\t\t\t<div class=\"elementor-widget-wrap elementor-element-populated\">\n\t\t\t\t\t\t\t\t<div class=\"elementor-element elementor-element-b53ade3 elementor-widget elementor-widget-sitemap\" data-id=\"b53ade3\" data-element_type=\"widget\" data-widget_type=\"sitemap.default\">\n\t\t\t\t<div class=\"elementor-widget-container\">\n\t\t\t<link rel=\"stylesheet\" href=\"https:\/\/pulzohost.com.br\/clientes\/asterclinica\/wp-content\/plugins\/elementor-pro\/assets\/css\/widget-theme-elements.min.css\"><div class=\"elementor-sitemap-wrap\"><div class=\"elementor-sitemap-section\"><h2 class=\"elementor-sitemap-title elementor-sitemap-page-title\">P\u00e1ginas<\/h2><ul class=\"elementor-sitemap-list elementor-sitemap-page-list\"><li class=\"elementor-sitemap-item elementor-sitemap-item-page page_item page-item-1240\"><a href=\"https:\/\/pulzohost.com.br\/clientes\/asterclinica\/cupom-de-desconto\/\">Cupom de Desconto<\/a><\/li><li class=\"elementor-sitemap-item elementor-sitemap-item-page page_item page-item-1188\"><a href=\"https:\/\/pulzohost.com.br\/clientes\/asterclinica\/agradecemos-o-seu-contato\/\">Agradecemos o seu contato<\/a><\/li><li class=\"elementor-sitemap-item elementor-sitemap-item-page page_item page-item-1165\"><a href=\"https:\/\/pulzohost.com.br\/clientes\/asterclinica\/psicologa-gratuita-guarulhos\/\">Tratamento Psic\u00f3logo Gratuito em Guarulhos<\/a><\/li><li class=\"elementor-sitemap-item elementor-sitemap-item-page page_item page-item-854\"><a href=\"https:\/\/pulzohost.com.br\/clientes\/asterclinica\/consulta-psicologo-gratuita-guarulhos\/\">Pr\u00e9 Consulta Gratuita<\/a><\/li><li class=\"elementor-sitemap-item elementor-sitemap-item-page page_item page-item-841\"><a href=\"https:\/\/pulzohost.com.br\/clientes\/asterclinica\/mapa-do-site\/\">Mapa do Site<\/a><\/li><li class=\"elementor-sitemap-item elementor-sitemap-item-page page_item page-item-807\"><a href=\"https:\/\/pulzohost.com.br\/clientes\/asterclinica\/clinica-psiquiatria-guarulhos\/\">M\u00e9dico Psiquiatra em Guarulhos<\/a><\/li><li class=\"elementor-sitemap-item elementor-sitemap-item-page page_item page-item-795\"><a href=\"https:\/\/pulzohost.com.br\/clientes\/asterclinica\/clinica-psicologia-guarulhos\/\">Psicoterapia para Adultos, Crian\u00e7as e Adolescentes<\/a><\/li><li class=\"elementor-sitemap-item elementor-sitemap-item-page page_item page-item-773\"><a href=\"https:\/\/pulzohost.com.br\/clientes\/asterclinica\/psicopedagogia-guarulhos\/\">Psicopedagogia &#8211; Avalia\u00e7\u00e3o Neuropsicol\u00f3gica<\/a><\/li><li class=\"elementor-sitemap-item elementor-sitemap-item-page page_item page-item-754\"><a href=\"https:\/\/pulzohost.com.br\/clientes\/asterclinica\/melhor-psicologa-guarulhos\/\">Neuropsic\u00f3loga Andreza C. Rodrigues<\/a><\/li><li class=\"elementor-sitemap-item elementor-sitemap-item-page page_item page-item-746\"><a href=\"https:\/\/pulzohost.com.br\/clientes\/asterclinica\/psicologo-guarulhos\/\">Lucas Cavalcante de Santana Carvalho<\/a><\/li><li class=\"elementor-sitemap-item elementor-sitemap-item-page page_item page-item-732\"><a href=\"https:\/\/pulzohost.com.br\/clientes\/asterclinica\/psicologo\/\">Cristiane S. Tod\u00e3o Meira<\/a><\/li><li class=\"elementor-sitemap-item elementor-sitemap-item-page page_item page-item-707\"><a href=\"https:\/\/pulzohost.com.br\/clientes\/asterclinica\/medico-psiquiatra-guarulhos\/\">Dra. Luciane Lie Ikeda<\/a><\/li><li class=\"elementor-sitemap-item elementor-sitemap-item-page page_item page-item-697\"><a href=\"https:\/\/pulzohost.com.br\/clientes\/asterclinica\/especialidades\/\">Especialidades<\/a><\/li><li class=\"elementor-sitemap-item elementor-sitemap-item-page page_item page-item-679\"><a href=\"https:\/\/pulzohost.com.br\/clientes\/asterclinica\/agendar-consulta\/\">Agendar Consulta<\/a><\/li><li class=\"elementor-sitemap-item elementor-sitemap-item-page page_item page-item-673\"><a href=\"https:\/\/pulzohost.com.br\/clientes\/asterclinica\/equipe-de-profissionais\/\">Equipe de Profissionais<\/a><\/li><li class=\"elementor-sitemap-item elementor-sitemap-item-page page_item page-item-637\"><a href=\"https:\/\/pulzohost.com.br\/clientes\/asterclinica\/contato\/\">Contato<\/a><\/li><li class=\"elementor-sitemap-item elementor-sitemap-item-page page_item page-item-543\"><a href=\"https:\/\/pulzohost.com.br\/clientes\/asterclinica\/tratamentos-psicologo-guarulhos\/\">Tratamentos com Psic\u00f3logo<\/a><\/li><li class=\"elementor-sitemap-item elementor-sitemap-item-page page_item page-item-526\"><a href=\"https:\/\/pulzohost.com.br\/clientes\/asterclinica\/blog\/\">Blog<\/a><\/li><li class=\"elementor-sitemap-item elementor-sitemap-item-page page_item page-item-498\"><a href=\"https:\/\/pulzohost.com.br\/clientes\/asterclinica\/terapia-online\/\">Terapia Online<\/a><\/li><li class=\"elementor-sitemap-item elementor-sitemap-item-page page_item page-item-220\"><a href=\"https:\/\/pulzohost.com.br\/clientes\/asterclinica\/sobre-nos\/\">Sobre N\u00f3s<\/a><\/li><li class=\"elementor-sitemap-item elementor-sitemap-item-page page_item page-item-8\"><a href=\"https:\/\/pulzohost.com.br\/clientes\/asterclinica\/\">Psic\u00f3logo em Guarulhos<\/a><\/li><li class=\"elementor-sitemap-item elementor-sitemap-item-page page_item page-item-3\"><a href=\"https:\/\/pulzohost.com.br\/clientes\/asterclinica\/politica-de-privacidade\/\">Pol\u00edtica de Privacidade<\/a><\/li><\/ul><\/div><div class=\"elementor-sitemap-section\"><h2 class=\"elementor-sitemap-title elementor-sitemap-tratamentos-title\">Tratamentos<\/h2><ul class=\"elementor-sitemap-list elementor-sitemap-tratamentos-list\"><li class=\"elementor-sitemap-item elementor-sitemap-item-tratamentos page_item page-item-614\"><a href=\"https:\/\/pulzohost.com.br\/clientes\/asterclinica\/tratamentos\/superar-luto-guarulhos\/\">Tratamento para Luto<\/a><\/li><li class=\"elementor-sitemap-item elementor-sitemap-item-tratamentos page_item page-item-612\"><a href=\"https:\/\/pulzohost.com.br\/clientes\/asterclinica\/tratamentos\/tratar-tdah\/\">Tratamento TDAH<\/a><\/li><li class=\"elementor-sitemap-item elementor-sitemap-item-tratamentos page_item page-item-610\"><a href=\"https:\/\/pulzohost.com.br\/clientes\/asterclinica\/tratamentos\/transtorno-de-conduta\/\">Transtorno de Conduta<\/a><\/li><li class=\"elementor-sitemap-item elementor-sitemap-item-tratamentos page_item page-item-607\"><a href=\"https:\/\/pulzohost.com.br\/clientes\/asterclinica\/tratamentos\/transtorno-do-panico\/\">Transtorno do P\u00e2nico<\/a><\/li><li class=\"elementor-sitemap-item elementor-sitemap-item-tratamentos page_item page-item-605\"><a href=\"https:\/\/pulzohost.com.br\/clientes\/asterclinica\/tratamentos\/transtorno-opositivo-desafiador\/\">TOD &#8211; Transtorno Opositor Desafiador<\/a><\/li><li class=\"elementor-sitemap-item elementor-sitemap-item-tratamentos page_item page-item-603\"><a href=\"https:\/\/pulzohost.com.br\/clientes\/asterclinica\/tratamentos\/transtorno-personalidade-guarulhos\/\">Transtorno de Personalidade<\/a><\/li><li class=\"elementor-sitemap-item elementor-sitemap-item-tratamentos page_item page-item-601\"><a href=\"https:\/\/pulzohost.com.br\/clientes\/asterclinica\/tratamentos\/tratar-transtorno-narcisista-guarulhos\/\">Transtorno de Personalidade Narcisista<\/a><\/li><li class=\"elementor-sitemap-item elementor-sitemap-item-tratamentos page_item page-item-599\"><a href=\"https:\/\/pulzohost.com.br\/clientes\/asterclinica\/tratamentos\/tratar-toc-transtorno-obsessivo-compulsivo\/\">TOC &#8211; Transtorno Obssessivo Compulsivo<\/a><\/li><li class=\"elementor-sitemap-item elementor-sitemap-item-tratamentos page_item page-item-597\"><a href=\"https:\/\/pulzohost.com.br\/clientes\/asterclinica\/tratamentos\/tratamento-obesidade-guarulhos\/\">Tratamento para Obesidade<\/a><\/li><li class=\"elementor-sitemap-item elementor-sitemap-item-tratamentos page_item page-item-595\"><a href=\"https:\/\/pulzohost.com.br\/clientes\/asterclinica\/tratamentos\/tratamento-compulsao-guarulhos\/\">Tratamento para Compuls\u00e3o<\/a><\/li><li class=\"elementor-sitemap-item elementor-sitemap-item-tratamentos page_item page-item-593\"><a href=\"https:\/\/pulzohost.com.br\/clientes\/asterclinica\/tratamentos\/fobia-social-guarulhos\/\">Fobia Social<\/a><\/li><li class=\"elementor-sitemap-item elementor-sitemap-item-tratamentos page_item page-item-591\"><a href=\"https:\/\/pulzohost.com.br\/clientes\/asterclinica\/tratamentos\/terapia-casal-guarulhos\/\">Terapia de Casal<\/a><\/li><li class=\"elementor-sitemap-item elementor-sitemap-item-tratamentos page_item page-item-589\"><a href=\"https:\/\/pulzohost.com.br\/clientes\/asterclinica\/tratamentos\/transtornos-psiquiatricos\/\">Transtornos Psiqui\u00e1tricos<\/a><\/li><li class=\"elementor-sitemap-item elementor-sitemap-item-tratamentos page_item page-item-587\"><a href=\"https:\/\/pulzohost.com.br\/clientes\/asterclinica\/tratamentos\/tratar-stress-guarulhos\/\">Tratar o Stress<\/a><\/li><li class=\"elementor-sitemap-item elementor-sitemap-item-tratamentos page_item page-item-585\"><a href=\"https:\/\/pulzohost.com.br\/clientes\/asterclinica\/tratamentos\/terapia-infantil-guarulhos\/\">Terapia Infantil<\/a><\/li><li class=\"elementor-sitemap-item elementor-sitemap-item-tratamentos page_item page-item-584\"><a href=\"https:\/\/pulzohost.com.br\/clientes\/asterclinica\/tratamentos\/tratamento-ansiedade-guarulhos\/\">Tratamento da Ansiedade<\/a><\/li><li class=\"elementor-sitemap-item elementor-sitemap-item-tratamentos page_item page-item-582\"><a href=\"https:\/\/pulzohost.com.br\/clientes\/asterclinica\/tratamentos\/disforia-de-genero\/\">Disforia de G\u00eanero<\/a><\/li><li class=\"elementor-sitemap-item elementor-sitemap-item-tratamentos page_item page-item-574\"><a href=\"https:\/\/pulzohost.com.br\/clientes\/asterclinica\/tratamentos\/abuso-emocional\/\">Abuso Emocional<\/a><\/li><li class=\"elementor-sitemap-item elementor-sitemap-item-tratamentos page_item page-item-572\"><a href=\"https:\/\/pulzohost.com.br\/clientes\/asterclinica\/tratamentos\/tratamento-autismo-guarulhos\/\">Tratamento para autismo &#8211; TEA<\/a><\/li><li class=\"elementor-sitemap-item elementor-sitemap-item-tratamentos page_item page-item-541\"><a href=\"https:\/\/pulzohost.com.br\/clientes\/asterclinica\/tratamentos\/tratamento-depressao-guarulhos\/\">Como tratar a depress\u00e3o?<\/a><\/li><\/ul><\/div><\/div>\t\t<\/div>\n\t\t\t\t<\/div>\n\t\t\t\t\t<\/div>\n\t\t<\/div>\n\t\t\t\t\t\t\t<\/div>\n\t\t<\/section>\n\t\t\t\t\t\t\t<\/div>\n\t\t","protected":false},"excerpt":{"rendered":"","protected":false},"author":1,"featured_media":0,"parent":0,"menu_order":0,"comment_status":"closed","ping_status":"closed","template":"","meta":{"footnotes":""},"class_list":["post-841","page","type-page","status-publish","hentry"],"_links":{"self":[{"href":"https:\/\/pulzohost.com.br\/clientes\/asterclinica\/wp-json\/wp\/v2\/pages\/841","targetHints":{"allow":["GET"]}}],"collection":[{"href":"https:\/\/pulzohost.com.br\/clientes\/asterclinica\/wp-json\/wp\/v2\/pages"}],"about":[{"href":"https:\/\/pulzohost.com.br\/clientes\/asterclinica\/wp-json\/wp\/v2\/types\/page"}],"author":[{"embeddable":true,"href":"https:\/\/pulzohost.com.br\/clientes\/asterclinica\/wp-json\/wp\/v2\/users\/1"}],"replies":[{"embeddable":true,"href":"https:\/\/pulzohost.com.br\/clientes\/asterclinica\/wp-json\/wp\/v2\/comments?post=841"}],"version-history":[{"count":4,"href":"https:\/\/pulzohost.com.br\/clientes\/asterclinica\/wp-json\/wp\/v2\/pages\/841\/revisions"}],"predecessor-version":[{"id":845,"href":"https:\/\/pulzohost.com.br\/clientes\/asterclinica\/wp-json\/wp\/v2\/pages\/841\/revisions\/845"}],"wp:attachment":[{"href":"https:\/\/pulzohost.com.br\/clientes\/asterclinica\/wp-json\/wp\/v2\/media?parent=841"}],"curies":[{"name":"wp","href":"https:\/\/api.w.org\/{rel}","templated":true}]}}