{"id":3,"date":"2023-10-05T22:27:58","date_gmt":"2023-10-05T22:27:58","guid":{"rendered":"https:\/\/pulzohost.com.br\/clientes\/asterclinica\/?page_id=3"},"modified":"2023-10-17T18:01:03","modified_gmt":"2023-10-17T21:01:03","slug":"politica-de-privacidade","status":"publish","type":"page","link":"https:\/\/pulzohost.com.br\/clientes\/asterclinica\/politica-de-privacidade\/","title":{"rendered":"Pol\u00edtica de Privacidade"},"content":{"rendered":"\t\t<div data-elementor-type=\"wp-page\" data-elementor-id=\"3\" class=\"elementor elementor-3\" data-elementor-post-type=\"page\">\n\t\t\t\t\t\t\t\t\t<section class=\"elementor-section elementor-top-section elementor-element elementor-element-1b9649a elementor-section-boxed elementor-section-height-default elementor-section-height-default\" data-id=\"1b9649a\" data-element_type=\"section\" data-settings=\"{&quot;background_background&quot;:&quot;classic&quot;}\">\n\t\t\t\t\t\t<div class=\"elementor-container elementor-column-gap-default\">\n\t\t\t\t\t<div class=\"elementor-column elementor-col-100 elementor-top-column elementor-element elementor-element-53a90d4\" data-id=\"53a90d4\" data-element_type=\"column\">\n\t\t\t<div class=\"elementor-widget-wrap elementor-element-populated\">\n\t\t\t\t\t\t\t\t<div class=\"elementor-element elementor-element-60477c5 elementor-widget elementor-widget-heading\" data-id=\"60477c5\" data-element_type=\"widget\" data-widget_type=\"heading.default\">\n\t\t\t\t<div class=\"elementor-widget-container\">\n\t\t\t<style>\/*! elementor - v3.16.0 - 20-09-2023 *\/\n.elementor-heading-title{padding:0;margin:0;line-height:1}.elementor-widget-heading .elementor-heading-title[class*=elementor-size-]>a{color:inherit;font-size:inherit;line-height:inherit}.elementor-widget-heading .elementor-heading-title.elementor-size-small{font-size:15px}.elementor-widget-heading .elementor-heading-title.elementor-size-medium{font-size:19px}.elementor-widget-heading .elementor-heading-title.elementor-size-large{font-size:29px}.elementor-widget-heading .elementor-heading-title.elementor-size-xl{font-size:39px}.elementor-widget-heading .elementor-heading-title.elementor-size-xxl{font-size:59px}<\/style><h1 class=\"elementor-heading-title elementor-size-default\">Pol\u00edtica de Privacidade<\/h1>\t\t<\/div>\n\t\t\t\t<\/div>\n\t\t\t\t\t<\/div>\n\t\t<\/div>\n\t\t\t\t\t\t\t<\/div>\n\t\t<\/section>\n\t\t\t\t<section class=\"elementor-section elementor-top-section elementor-element elementor-element-c2afc1a elementor-section-boxed elementor-section-height-default elementor-section-height-default\" data-id=\"c2afc1a\" data-element_type=\"section\">\n\t\t\t\t\t\t<div class=\"elementor-container elementor-column-gap-default\">\n\t\t\t\t\t<div class=\"elementor-column elementor-col-100 elementor-top-column elementor-element elementor-element-6ffafeab\" data-id=\"6ffafeab\" data-element_type=\"column\">\n\t\t\t<div class=\"elementor-widget-wrap elementor-element-populated\">\n\t\t\t\t\t\t\t\t<div class=\"elementor-element elementor-element-1bb0490d elementor-widget elementor-widget-text-editor\" data-id=\"1bb0490d\" data-element_type=\"widget\" data-widget_type=\"text-editor.default\">\n\t\t\t\t<div class=\"elementor-widget-container\">\n\t\t\t<style>\/*! elementor - v3.16.0 - 20-09-2023 *\/\n.elementor-widget-text-editor.elementor-drop-cap-view-stacked .elementor-drop-cap{background-color:#69727d;color:#fff}.elementor-widget-text-editor.elementor-drop-cap-view-framed .elementor-drop-cap{color:#69727d;border:3px solid;background-color:transparent}.elementor-widget-text-editor:not(.elementor-drop-cap-view-default) .elementor-drop-cap{margin-top:8px}.elementor-widget-text-editor:not(.elementor-drop-cap-view-default) .elementor-drop-cap-letter{width:1em;height:1em}.elementor-widget-text-editor .elementor-drop-cap{float:left;text-align:center;line-height:1;font-size:50px}.elementor-widget-text-editor .elementor-drop-cap-letter{display:inline-block}<\/style>\t\t\t\t<p class=\"font_8 wixui-rich-text__text\"><span class=\"wixui-rich-text__text\"><span class=\"color_14 wixui-rich-text__text\">A\u00a0Aster Psicologia e Psiquiatria em Guarulhos, preza pela privacidade dos seus clientes, com \u00e9tica respeito e total sigilo. Nossas psic\u00f3logas e psiquiatra oferecem servi\u00e7o de consulta e\u00a0psicoterapia em Guarulhos, garantindo sigilo absoluto, sob a luz da \u00e9tica profissional e garantem a efic\u00e1cia do tratamento oferecido.<br class=\"wixui-rich-text__text\" \/>\u200b<br class=\"wixui-rich-text__text\" \/>As informa\u00e7\u00f5es obtidas s\u00e3o para facilitar a navega\u00e7\u00e3o e melhorar a sua experi\u00eancia ao consultar o nosso website.<br class=\"wixui-rich-text__text\" \/>\u200b<br class=\"wixui-rich-text__text\" \/>Todas as informa\u00e7\u00f5es pessoais relativas a membros, assinantes, clientes ou visitantes ser\u00e3o tratadas em concord\u00e2ncia com a Lei Geral de Prote\u00e7\u00e3o de Dados Pessoais de 25 de Maio de 2018 (Lei n\u00ba 13.709\/2018).<br class=\"wixui-rich-text__text\" \/>\u200b<br class=\"wixui-rich-text__text\" \/>Das informa\u00e7\u00f5es recolhidas podemos incluir nome, e-mail, n\u00famero de telefone e\/ou celular, endere\u00e7o, CPF\/RG e\/ou outros.<br class=\"wixui-rich-text__text\" \/>\u200b<br class=\"wixui-rich-text__text\" \/>O uso da\u00a0Aster Psicologia e Psiquiatria em Guarulhos\u00a0entende que voc\u00ea aceitou e est\u00e1 de Acordo com essa pol\u00edtica de privacidade.<br class=\"wixui-rich-text__text\" \/>\u200b<br class=\"wixui-rich-text__text\" \/>Qualquer altera\u00e7\u00e3o em nossa pol\u00edtica de privacidade com regularidade de forma a estar sempre atualizado em conformidade \u00e0 Lei n\u00ba 13.709\/2018.<br class=\"wixui-rich-text__text\" \/>\u200b<br class=\"wixui-rich-text__text\" \/><strong>Os an\u00fancios<\/strong><br class=\"wixui-rich-text__text\" \/>Tal como outros websites, coletamos e utilizamos informa\u00e7\u00e3o contida nos an\u00fancios. A informa\u00e7\u00e3o contida nos an\u00fancios, inclui o seu endere\u00e7o IP (Internet Protocol), o seu ISP (Internet Service Provider), o browser que utilizou ao visitar o nosso website (como Internet Explorer, Chrome, Firefox ou outros), o tempo da sua visita e que p\u00e1ginas visitou dentro do nosso website.<br class=\"wixui-rich-text__text\" \/>\u200b<br class=\"wixui-rich-text__text\" \/><strong>Liga\u00e7\u00f5es a sites de terceiros<\/strong><br class=\"wixui-rich-text__text\" \/>A\u00a0Aster Psicologia\u00a0possui liga\u00e7\u00f5es para outros sites, os quais, ao nosso ver, podem conter informa\u00e7\u00f5es ou ferramentas \u00fateis para os nossos visitantes. A nossa pol\u00edtica de privacidade n\u00e3o \u00e9 aplicada a sites de terceiros, caso visite outro site a partir do nosso, dever\u00e1 ler a pol\u00edtica de privacidade do mesmo.<br class=\"wixui-rich-text__text\" \/>N\u00e3o nos responsabilizamos pela pol\u00edtica de privacidade ou conte\u00fado presente nesses mesmos sites.<\/span><\/span><\/p>\t\t\t\t\t\t<\/div>\n\t\t\t\t<\/div>\n\t\t\t\t\t<\/div>\n\t\t<\/div>\n\t\t\t\t\t\t\t<\/div>\n\t\t<\/section>\n\t\t\t\t\t\t\t<\/div>\n\t\t","protected":false},"excerpt":{"rendered":"<p>A\u00a0Aster Psicologia e Psiquiatria em Guarulhos, preza pela privacidade dos seus clientes, com \u00e9tica respeito e total sigilo. Nossas psic\u00f3logas e psiquiatra oferecem servi\u00e7o de consulta e\u00a0psicoterapia em Guarulhos, garantindo sigilo absoluto, sob a luz da \u00e9tica profissional e garantem a efic\u00e1cia do tratamento oferecido.\u200bAs informa\u00e7\u00f5es obtidas s\u00e3o para facilitar a navega\u00e7\u00e3o e melhorar a [&hellip;]<\/p>\n","protected":false},"author":1,"featured_media":0,"parent":0,"menu_order":0,"comment_status":"closed","ping_status":"closed","template":"","meta":{"footnotes":""},"class_list":["post-3","page","type-page","status-publish","hentry"],"_links":{"self":[{"href":"https:\/\/pulzohost.com.br\/clientes\/asterclinica\/wp-json\/wp\/v2\/pages\/3","targetHints":{"allow":["GET"]}}],"collection":[{"href":"https:\/\/pulzohost.com.br\/clientes\/asterclinica\/wp-json\/wp\/v2\/pages"}],"about":[{"href":"https:\/\/pulzohost.com.br\/clientes\/asterclinica\/wp-json\/wp\/v2\/types\/page"}],"author":[{"embeddable":true,"href":"https:\/\/pulzohost.com.br\/clientes\/asterclinica\/wp-json\/wp\/v2\/users\/1"}],"replies":[{"embeddable":true,"href":"https:\/\/pulzohost.com.br\/clientes\/asterclinica\/wp-json\/wp\/v2\/comments?post=3"}],"version-history":[{"count":5,"href":"https:\/\/pulzohost.com.br\/clientes\/asterclinica\/wp-json\/wp\/v2\/pages\/3\/revisions"}],"predecessor-version":[{"id":849,"href":"https:\/\/pulzohost.com.br\/clientes\/asterclinica\/wp-json\/wp\/v2\/pages\/3\/revisions\/849"}],"wp:attachment":[{"href":"https:\/\/pulzohost.com.br\/clientes\/asterclinica\/wp-json\/wp\/v2\/media?parent=3"}],"curies":[{"name":"wp","href":"https:\/\/api.w.org\/{rel}","templated":true}]}}